8398557?
False
Is 514711456 a multiple of 112?
True
Does 19 divide 126174877?
True
Does 9 divide 25671598?
False
Does 77 divide 3256166144?
True
Is 790 a factor of 502378380?
True
Does 320 divide 42553453?
False
Does 409 divide 66413829?
True
Is 2398 a factor of 121188179?
False
Is 133562468 a multiple of 5?
False
Is 240 a factor of 378680160?
True
Is 72 a factor of 721145088?
True
Is 50 a factor of 533359750?
True
Does 37 divide 311304572?
False
Does 621 divide 128185490?
False
Is 23 a factor of 8887085?
True
Is 7505993 a multiple of 17?
True
Does 1684 divide 176720108?
False
Is 37617050 a multiple of 25?
True
Is 13 a factor of 1744695811?
False
Is 2315 a factor of 713214924?
False
Does 295 divide 72651662?
False
Does 47 divide 168785679?
False
Is 397 a factor of 74799765?
False
Is 5878205 a multiple of 65?
False
Is 122 a factor of 136654726?
False
Is 1129111362 a multiple of 3246?
True
Does 10 divide 914133168?
False
Is 2556291 a multiple of 523?
False
Does 5 divide 55019146?
False
Does 957 divide 25341360?
True
Is 3372105 a multiple of 55?
True
Is 47779674 a multiple of 6?
True
Is 101734038 a multiple of 838?
True
Is 1261366068 a multiple of 46?
False
Is 80436081 a multiple of 3?
True
Does 324 divide 19430097?
False
Is 35 a factor of 184499793?
False
Is 5232249 a multiple of 188?
False
Is 49 a factor of 58227034?
False
Is 206100969 a multiple of 1749?
False
Is 625005680 a multiple of 520?
True
Is 976 a factor of 33543357?
False
Does 67 divide 183544691?
True
Does 674 divide 520692634?
True
Is 310 a factor of 111540346?
False
Does 21 divide 87318749?
False
Is 219 a factor of 3102801636?
True
Is 1766255974 a multiple of 21?
False
Is 68 a factor of 10657421?
False
Is 1438213193 a multiple of 17?
False
Is 33 a factor of 25109700?
True
Is 3004 a factor of 25295105?
False
Is 3 a factor of 131291761?
False
Is 111453030 a multiple of 90?
True
Does 54 divide 1777809654?
True
Is 7712255 a multiple of 397?
False
Is 44195981 a multiple of 978?
False
Is 3541 a factor of 1295775835?
True
Is 1509687828 a multiple of 48?
False
Is 42 a factor of 2413152?
True
Is 1237 a factor of 82004441?
True
Does 407 divide 75545249?
False
Is 458 a factor of 1231129648?
True
Does 134 divide 24922258?
True
Is 3722310495 a multiple of 4365?
True
Is 193 a factor of 8491421?
True
Does 11 divide 103878936?
False
Is 11 a factor of 15966148?
True
Is 6 a factor of 150242766?
True
Is 3 a factor of 5225797?
False
Does 16 divide 92069824?
True
Is 1814778018 a multiple of 18?
True
Is 156 a factor of 336230202?
False
Does 816 divide 176582400?
True
Is 1059 a factor of 78292929?
True
Is 7669566 a multiple of 243?
True
Is 359 a factor of 27304097?
False
Is 1966572 a multiple of 1266?
False
Is 126607378 a multiple of 6?
False
Is 211628845 a multiple of 140?
False
Is 514929816 a multiple of 12?
True
Is 3924338046 a multiple of 820?
False
Is 1177 a factor of 413754341?
True
Is 99242118 a multiple of 762?
True
Is 114 a factor of 1072398?
True
Does 1012 divide 14386580?
False
Is 52 a factor of 1106048476?
True
Is 499176810 a multiple of 18?
True
Does 6 divide 55522860?
True
Is 38468792 a multiple of 8?
True
Is 202783664 a multiple of 690?
False
Does 52 divide 398184956?
True
Is 201 a factor of 55818102?
True
Is 89 a factor of 93479726?
True
Does 25 divide 250168250?
True
Does 6247 divide 2013189455?
True
Is 4439 a factor of 413259690?
False
Is 2938 a factor of 37054056?
True
Is 33 a factor of 5253468?
True
Is 60 a factor of 2353223700?
True
Is 560721575 a multiple of 157?
True
Is 48867140 a multiple of 87?
False
Does 6 divide 257462303?
False
Is 189 a factor of 70485660?
True
Does 23 divide 12870940?
False
Does 31 divide 44681602?
True
Is 46 a factor of 685305407?
False
Does 4 divide 91317526?
False
Is 103 a factor of 64363935?
False
Is 4643 a factor of 1557043979?
True
Is 244 a factor of 11199965?
False
Is 44 a factor of 12117271?
False
Does 21 divide 83614188?
True
Is 266609194 a multiple of 30?
False
Does 4 divide 14653556?
True
Is 22384872 a multiple of 12?
True
Is 106 a factor of 1043411582?
False
Does 34 divide 143939030?
False
Is 83 a factor of 72436092?
True
Is 139 a factor of 1477070017?
True
Is 228671140 a multiple of 250?
False
Is 160 a factor of 384914966?
False
Is 416405638 a multiple of 11?
True
Is 158 a factor of 1340426935?
False
Does 1582 divide 7788768?
False
Is 42 a factor of 88803624?
True
Is 1620001920 a multiple of 192?
True
Does 197 divide 389190613?
False
Is 39515232 a multiple of 30?
False
Is 29770936 a multiple of 162?
False
Is 17 a factor of 9110276?
False
Is 10528134 a multiple of 14?
False
Is 851 a factor of 473713908?
False
Is 15918441 a multiple of 37?
False
Does 426 divide 2332041?
False
Does 140 divide 87812200?
True
Does 441 divide 56310408?
True
Is 20871576 a multiple of 72?
True
Is 241632639 a multiple of 6?
False
Does 138 divide 1134157830?
True
Is 1156 a factor of 10460925?
False
Does 52 divide 48012744?
True
Is 3840703 a multiple of 182?
False
Is 95660496 a multiple of 488?
False
Does 2824 divide 69148464?
True
Is 11433064 a multiple of 39?
False
Is 12843681 a multiple of 14?
False
Is 158586139 a multiple of 65?
False
Is 51 a factor of 62060818?
False
Is 281632890 a multiple of 330?
True
Does 26 divide 121585594?
True
Is 60497229 a multiple of 13?
True
Does 99 divide 2776635972?
True
Does 72 divide 243428245?
False
Is 969 a factor of 2380484160?
True
Is 109 a factor of 306149207?
False
Is 108993591 a multiple of 293?
False
Is 468 a factor of 4716371088?
True
Is 36265536 a multiple of 48?
True
Does 563 divide 611643763?
True
Is 116606428 a multiple of 604?
True
Does 57 divide 620492025?
True
Does 255 divide 388110?
True
Does 1311 divide 70691916?
False
Is 2553 a factor of 202943076?
True
Is 67 a factor of 866910009?
False
Does 210 divide 486326610?
True
Is 1062041119 a multiple of 4018?
False
Does 1735 divide 649960?
False
Is 13506338 a multiple of 144?
False
Is 361 a factor of 144639615?
False
Is 673518 a multiple of 3?
True
Is 94496677 a multiple of 26?
False
Does 108 divide 9661436?
False
Does 13 divide 222964939?
False
Does 483 divide 855550776?
False
Is 326980357 a multiple of 309?
False
Is 5 a factor of 1700829427?
False
Does 50 divide 53414700?
True
Does 181 divide 47945569?
False
Is 17 a factor of 168723980?
True
Is 13 a factor of 2842554045?
False
Is 46012724 a multiple of 1621?
False
Is 149214509 a multiple of 12?
False
Is 47815620 a multiple of 276?
True
Is 16 a factor of 1801985?
False
Does 29 divide 24720615?
True
Is 7113144 a multiple of 456?
True
Is 675 a factor of 7251641?
False
Is 137 a factor of 23807038?
True
Is 29 a factor of 44827471?
False
Is 2164903360 a multiple of 632?
True
Does 2129 divide 2798044637?
True
Is 1639 a factor of 258961735?
False
Is 15 a factor of 13115637?
False
Does 93 divide 311852104?
False
Does 27 divide 829380654?
True
Is 28083515 a multiple of 215?
True
Is 1458055968 a multiple of 48?
True
Is 30854853 a multiple of 309?
False
Is 9 a factor of 2704168539?
True
Is 2742 a factor of 396040387?
False
Is 394801746 a multiple of 310?
False
Does 15 divide 171499374?
False
Does 71 divide 32520558?
False
Is 690424196 a multiple of 18?
False
Does 1025 divide 2627615175?
True
Is 30 a factor of 37201470?
True
Is 506 a factor of 351699348?
True
Does 5 divide 12802936?
False
Is 2834440 a multiple of 18?
False
Does 9 divide 218827387?
False
Is 50 a factor of 587823000?
True
Is 615246192 a multiple of 162?
True
Is 81211 a multiple of 54?
False
Does 4626 divide 838204432?
False
Is 1277647311 a multiple of 1827?
False
Does 122 divide 34681916?
True
Does 128 divide 329367808?
True
Is 3341345 a multiple of 270?
False
Is 1337 a factor of 63229496?
False
Is 81121895 a multiple of 5?
True
Does 14 divide 1039976?
True
Is 1741801320 a multiple of 5036?
True
Does 3 divide 1703312?
False
Is 431 a factor of 11021963?
True
Does 295 divide 107067214?
False
Is 2953 a factor of 220311518?
True
Is 514693550 a multiple of 421?
True
Is 37 a factor of 33776076?
False
Is 475 a factor of 119703602?
False
Is 879 a factor of 16192586?
False
Is 6 a factor of 101442?
True
Is 572824723 a multiple of 143?
False
Does 43 divide 75645999?
False
Does 23 divide 19680387?
True
Does 57 divide 446928056?
False
Is 567 a factor of 833616441?
True
Does 651 di